of g.
2
List the prime factors of (-1)/(6 + 49527/(-8253)).
7, 131
Let p(y) = -y**2 - 15*y + 1. Let w(r) = -r**2 - 16*r + 2. Let k(q) = -6*p(q) + 5*w(q). Let j = 14 - 24. List the prime factors of k(j).
2
Suppose -5*x + 6*x = 50. List the prime factors of x.
2, 5
Let m(u) = u**2 + 9*u + 6. Let s be m(-9). Suppose -5 + 1 = -w. What are the prime factors of (-5 + 20)/(s/w)?
2, 5
Let u(a) = a**2 - 2*a + 279. Let x be u(0). Suppose 22*n - x = 19*n. What are the prime factors of n?
3, 31
Suppose -10*r + 5*r + 900 = 0. Suppose 2*g + 0*g = 5*q + 72, -r = -5*g + q. Let o = g + -6. List the prime factors of o.
2, 3, 5
Suppose -4*o - 36 = -3*o + 4*r, -5*o - 180 = -3*r. Let y = o - -72. What are the prime factors of y?
2, 3
Let k(s) = -1 + 2*s - 7*s + 4*s. Let v be k(-6). What are the prime factors of (6 - v)*42/2?
3, 7
Suppose -3*a = 2*c + 98 - 777, -1367 = -4*c - 3*a. List the prime factors of c.
2, 43
Let x(k) = -3*k**3 - 20*k**2 - 11*k + 24. List the prime factors of x(-9).
2, 3, 5, 23
Let i = 15 + -27. Let b be (18/(-1))/(12/i). Suppose -5*x + 52 + b = 0. What are the prime factors of x?
2, 7
Let j be 1/(-2)*6 + 215. Let q = j - 107. List the prime factors of q.
3, 5, 7
Let a = 9 + -6. Suppose 0 = -2*u + 2*k - 3*k - 8, 0 = a*u + 2*k + 14. List the prime factors of (-134)/u + -1 + 1.
67
Suppose 5*y - 2048 = 422. List the prime factors of y.
2, 13, 19
Let a be ((-216)/20)/(-1)*(-35)/(-21). Suppose l = 2*l - 28. Suppose 0 = i - a - l. What are the prime factors of i?
2, 23
Let i be 4 - 2 - (39 + 0). Let q = 70 + i. List the prime factors of q.
3, 11
Suppose -14 = 2*o + 4*q, 2*o - 5*q = 16 + 15. Let b be (-20)/(-15)*(o + 0). What are the prime factors of 7/(14/b) - -20?
2, 11
Suppose 0 = 39*o - 35*o - 260. Let q = 111 - o. What are the prime factors of q?
2, 23
Suppose -92 = -3*s - 4*v, -s + 5*v = -14 - 4. What are the prime factors of s + (-8)/4*1?
2, 13
Let h(g) = -21*g + 52. Let o be h(-12). Suppose -4*s = 4*r - o, 2*r - r - 72 = s. What are the prime factors of r?
2, 37
Let n(p) = -p**2 + 11*p - 9. Let z be n(8). Let t = z - 18. List the prime factors of 29/4 - t/(-12).
7
Let q(k) = 7*k**2 - 2*k - 1. Let m be 75/27 + (-6)/(-27). Let u = -4 + m. What are the prime factors of q(u)?
2
Let o(c) = -c**3 - c - c**3 + 2*c + 5*c**3 - 3*c**2. Let v be (-20)/8*(-20)/25. What are the prime factors of o(v)?
2, 7
Let k = 3 + 0. Let u be 6/k*(-3 + 61). Suppose 0*h + 4*h - u = 0. What are the prime factors of h?
29
Suppose 3*h + 5*a - 1763 = 0, -5*h - 459 + 3392 = 3*a. List the prime factors of h.
2, 293
Suppose -3*z + 4*z - 43 = 0. Let i be 7/21*z*3. Suppose -4*v + i + 25 = 0. What are the prime factors of v?
17
Let l be 16/18*-3*-3. Let x = l + 15. What are the prime factors of x?
23
What are the prime factors of -750*192/(-600)*(-20)/(-2)?
2, 3, 5
Suppose -4*f - 4 = -16, 0 = -4*h - 3*f + 45. List the prime factors of h/(0 + (-2)/(-36)).
2, 3
Suppose 4200 = 20*p - 14*p. What are the prime factors of p?
2, 5, 7
Suppose 264 = 5*m + 3*b + b, 4*b = 4*m - 240. Suppose 0 = -3*g + j + 337 - m, -4*g + 2*j = -376. What are the prime factors of g?
3, 31
Let u(a) = 2*a**3 - 20*a**2 + 38*a - 89. List the prime factors of u(13).
3, 11, 43
Suppose 8*p - 859 = 301. Let u = p + 23. List the prime factors of u.
2, 3, 7
Suppose 18*c + 75 = 21*c. List the prime factors of c.
5
Let s(a) = -a**3 - a + 435. Let d be s(0). Let m = -290 + d. What are the prime factors of m?
5, 29
Suppose -4*o + 2*k = 134, k = -2*o - o - 113. List the prime factors of o/(-24)*(2 + 376/3).
191
Let z = -1 + 4. Let y be (-4)/z + (-6)/9. Let l(j) = -8*j - 1. What are the prime factors of l(y)?
3, 5
Let c(f) = 5*f**2 - 11*f + 21. Let k be c(8). Let t = -168 + k. List the prime factors of t.
5, 17
Let j be (2 - -1)*(-16 - -15). Let q be ((-8)/j)/((-4)/(-6)). Suppose q*t - 160 = -4*h, -h + 37 = -4*t + 2*t. List the prime factors of h.
3, 13
Suppose -3*i = -5*p - 939, 0 = -3*i + 8*p - 13*p + 969. List the prime factors of i.
2, 3, 53
Let v(n) = n**2 + 4*n + 4. Let u be v(-2). Suppose -2*h - 6 = -u*h. What are the prime factors of 50 - (-3 - h)/3?
2, 5
Suppose -3*b + 5*m + 3392 = 0, -1159 = -2*b + b - 4*m. What are the prime factors of b?
17, 67
Let k = 96 + 72. What are the prime factors of k?
2, 3, 7
Let a = -12 - -8. Let z be 3 - a/8*2. Let f = 14 - z. List the prime factors of f.
2, 5
Let t = -1698 - -2908. List the prime factors of t.
2, 5, 11
Suppose 4*d = -3*b - 83, -3*d - 61 = -2*b + 4*b. Let t = 21 + d. What are the prime factors of t?
2
Let z(l) = l**2 + 77 - l + 2*l - 48. List the prime factors of z(0).
29
Suppose 4*o - 11006 = -2*s, -9*o - 4*s = -13*o + 10988. List the prime factors of o.
2, 5, 11
Let q be (-70)/(-17) + 4/(-34). List the prime factors of (2/q)/(9/54).
3
Let o(n) = -696*n + 2. Let b be o(1). Let r = -392 - b. Suppose 0 = 5*m + 82 - r. List the prime factors of m.
2, 11
Let y = -24 - -25. List the prime factors of ((-2552)/6)/(-4) + y/(-3).
2, 53
Suppose 0 = 2*y - 7*y + 5180. What are the prime factors of y/21 - 2/(-3)?
2, 5
Suppose -58*m + 8979 + 170821 = 0. List the prime factors of m.
2, 5, 31
What are the prime factors of (2 - (-109735)/75) + (-42)/315?
5, 293
Let f = -566 - -1015. What are the prime factors of f?
449
Suppose -298 - 34 = -5*c + 3*h, -4*h + 71 = c. Suppose -49 = -2*p + c. List the prime factors of p.
2, 29
Let j be 64/((6/33)/1). Suppose 4*f + 2*b = j, -3*f + b + 3*b = -253. What are the prime factors of f?
3, 29
Suppose 4*a - x = 619, 4*x = 2*a - 5*a + 469. Let y be 4/10 + 18/5. Suppose -y*r = -9*r + a. List the prime factors of r.
31
Let c be ((-1)/(-2))/(((-4)/56)/1). Let h(y) = -y**2 - 12*y - 23. List the prime factors of h(c).
2, 3
Let s = 36 - -21. Suppose -75 = -2*n + s. List the prime factors of n.
2, 3, 11
Suppose 2062 = 5*d + 4*n - 302, -5*d - 3*n + 2368 = 0. List the prime factors of d.
2, 7, 17
Let b be -4*8/(128/(-12)). Suppose 0 = -5*f - b*f + 984. What are the prime factors of f?
3, 41
Let x(o) = -19*o**3 + o**2 - o - 2. Let l be x(-1). Let z = l + 27. List the prime factors of z.
2, 23
Suppose l = -5*s + 4, -5*l - s + 2*s - 32 = 0. Let y be (7 + l)/(1/63). Suppose 4*b = b + y. List the prime factors of b.
3, 7
Suppose 0 = -2*w + 3*l + 5, 5*l - 12 = l. Let b(m) = m**3 - 7*m**2 + m - 3. Let y be b(w). Suppose n = 3*n - y. List the prime factors of n.
2
Let p = -14 - -39. Suppose 5*c - 125 = 3*i, 5*c - p - 65 = -4*i. What are the prime factors of c?
2, 11
Suppose 3*h = -4*m - 107, 0*m - m - 5*h - 48 = 0. Let w be (-2)/7 + 40/(-7). Let o = w - m. What are the prime factors of o?
17
Suppose 25*n = 29*n - 624. Suppose -11*f + n = -5*f. What are the prime factors of f?
2, 13
Let a(v) = -v**2 + 8*v + 9. Let z(k) = 2*k - 4. Let o be z(5). Let q be a(o). List the prime factors of (-95)/(-3) + 7/q.
2
Suppose -1134 = 9*g - 16*g. List the prime factors of g.
2, 3
Suppose 3*p - 264 = -3*p. Let t = -3 + -19. Let u = t + p. What are the prime factors of u?
2, 11
Let s = 912 - 348. List the prime factors of s.
2, 3, 47
Suppose 23*o - 1469 - 17644 = 0. What are the prime factors of o?
3, 277
Let b = -120 - -855. Suppose 0 = -8*s + b + 1169. List the prime factors of s.
2, 7, 17
Suppose -20*f = -17*f + 2*m - 45, -4*f + 53 = 5*m. What are the prime factors of f?
17
Let p(q) = -114*q - 21. Let t be p(-5). Let m = -317 + t. What are the prime factors of m?
2, 29
Let p be (-1)/2 + 63/14. Suppose o - p*s + 8 = -2*o, 0 = -4*o + s + 11. Suppose 0*q + o*q - 80 = 0. What are the prime factors of q?
2, 5
Let t = 96 - -74. Let v = -96 + t. What are the prime factors of v?
2, 37
Let g be (104/60)/13 + 56/30. Suppose -2*f - 302 = -2*n, -2*f + 428 = -g*n + 5*n. List the prime factors of n.
2, 73
List the prime factors of 0 - -2 - (-2)/(8/4236).
1061
Suppose 4*f - 25 = -5*m + 5*f, -m - 2*f = 6. Suppose m*g + 3*o = 420, 2*g + 0*g + 3*o - 216 = 0. List the prime factors of g.
2, 3, 17
Let r be (-1 - 7)*558/(-24). Suppose 0 = 9*d - 7*d - r. Suppose 3*v - 85 = 2*k + 4, 3*v - 3*k = d. List the prime factors of v.
3
Let u = 563 - 194. What are the prime factors of u?
3, 41
Let c(x) = 5*x**2 + 2*x - 5. Let h = 16 - 9. Let y be c(h). Suppose 118 + 16 = 3*k + 4*t, 5*k - y = t. List the prime factors of k.
2, 5
List the prime factors of (2 + 418)/(((-66)/9)/(-11)).
2, 3, 5, 7
Suppose -6*x